{"id":776,"date":"2021-04-07T12:49:23","date_gmt":"2021-04-07T17:49:23","guid":{"rendered":"https:\/\/barf4pets.com\/?post_type=product&#038;p=776"},"modified":"2026-03-05T12:49:53","modified_gmt":"2026-03-05T17:49:53","slug":"receta-natural-de-pollo-pescado-vegetales","status":"publish","type":"product","link":"https:\/\/barf4pets.com\/?product=receta-natural-de-pollo-pescado-vegetales","title":{"rendered":"Receta Natural de Pollo &#038; Pescado"},"content":{"rendered":"<p><span style=\"color: #993300;\">Es un producto natural elaborado con t\u00e9cnicas apropiadas en base a prote\u00ednas naturales, vegetales, frutas seleccionadas y una mezcla de cereales, todos de consumo humano y de la mejor calidad.<\/span><br \/>\n<span style=\"color: #993300;\">Nuestro producto est\u00e1 empacado en fundas para alimentos de consumo humano y es congelado a bajas temperaturas.<\/span><br \/>\n<span style=\"color: #993300;\">Se entrega el producto congelado. <\/span><\/p>\n<p><span style=\"color: #993300;\">Descongela el producto y s\u00edrvelo a temperatura ambiente, de acuerdo a la tabla de raci\u00f3n diaria haciendo click en\u00a0 <\/span><a href=\"https:\/\/barf4pets.com\/?page_id=840\"><span style=\"color: red;\">Gu\u00eda de alimentaci\u00f3n.<\/span><\/a><\/p>\n<p><span style=\"color: #993300;\">Si a tu mascota el alimento no le gusta fr\u00edo, lo puedes precalentar unos 30 segundos en microondas \u00f3 lo puedes pre-cocinar en una sart\u00e9n por 2 min.<\/span><\/p>\n<p><span style=\"color: #993300;\">Se recomienda NO COCINAR el alimento porque perder\u00eda beneficios nutricionales.<\/span><\/p>\n<p><span style=\"color: #993300;\">Por favor, usa estas recomendaciones para alimentar a tu perro s\u00f3lo como una gu\u00eda. Recuerda que los requerimientos nutricionales de los perros variar\u00e1n bas\u00e1ndose en el metabolismo individual, en la edad, en la actividad, la gen\u00e9tica, la salud, el medio, la temperatura exterior y otros factores, y necesitar\u00e1n ser ajustados de manera adecuada.<\/span><\/p>\n<p><span style=\"color: #993300;\">Igual que con cualquier otro cambio de comida, introduce nuestros men\u00fas crudos de forma gradual para asegurar una \u00f3ptima adaptaci\u00f3n del tracto intestinal.<\/span><\/p>\n<p><span style=\"color: #993300;\">Recuerda que su perro necesita tener siempre agua fresca a su disposici\u00f3n.<\/span><\/p>\n","protected":false},"excerpt":{"rendered":"<p style=\"text-align: center;\"><span style=\"color: #993300;\">Producto Natural, elaborado con ingredientes de grado humano de excelente calidad.<\/span><\/p>\n<p style=\"text-align: center;\"><span style=\"color: #993300;\">Men\u00fas completos, equilibrados y frescos con todos los ingredientes en su estado natural y puro.<\/span><\/p>\n<p style=\"text-align: center;\"><span style=\"color: #993300;\"><span style=\"color: #ff0000;\"><strong>Contiene:<\/strong><\/span> Pollo, Pescado, cereales y vegetales de la mejor calidad.<\/span><\/p>\n<p style=\"text-align: center;\"><span style=\"color: #ff6600;\">Para perros saludables y, sobre todo, felices!!!<\/span><\/p>\n","protected":false},"featured_media":781,"comment_status":"open","ping_status":"closed","template":"","meta":{"ocean_post_layout":"full-width","ocean_both_sidebars_style":"","ocean_both_sidebars_content_width":0,"ocean_both_sidebars_sidebars_width":0,"ocean_sidebar":"0","ocean_second_sidebar":"0","ocean_disable_margins":"enable","ocean_add_body_class":"","ocean_shortcode_before_top_bar":"","ocean_shortcode_after_top_bar":"","ocean_shortcode_before_header":"","ocean_shortcode_after_header":"","ocean_has_shortcode":"","ocean_shortcode_after_title":"","ocean_shortcode_before_footer_widgets":"","ocean_shortcode_after_footer_widgets":"","ocean_shortcode_before_footer_bottom":"","ocean_shortcode_after_footer_bottom":"","ocean_display_top_bar":"off","ocean_display_header":"on","ocean_header_style":"","ocean_center_header_left_menu":"0","ocean_custom_header_template":"0","ocean_custom_logo":0,"ocean_custom_retina_logo":0,"ocean_custom_logo_max_width":0,"ocean_custom_logo_tablet_max_width":0,"ocean_custom_logo_mobile_max_width":0,"ocean_custom_logo_max_height":0,"ocean_custom_logo_tablet_max_height":0,"ocean_custom_logo_mobile_max_height":0,"ocean_header_custom_menu":"0","ocean_menu_typo_font_family":"0","ocean_menu_typo_font_subset":"","ocean_menu_typo_font_size":0,"ocean_menu_typo_font_size_tablet":0,"ocean_menu_typo_font_size_mobile":0,"ocean_menu_typo_font_size_unit":"px","ocean_menu_typo_font_weight":"","ocean_menu_typo_font_weight_tablet":"","ocean_menu_typo_font_weight_mobile":"","ocean_menu_typo_transform":"","ocean_menu_typo_transform_tablet":"","ocean_menu_typo_transform_mobile":"","ocean_menu_typo_line_height":0,"ocean_menu_typo_line_height_tablet":0,"ocean_menu_typo_line_height_mobile":0,"ocean_menu_typo_line_height_unit":"","ocean_menu_typo_spacing":0,"ocean_menu_typo_spacing_tablet":0,"ocean_menu_typo_spacing_mobile":0,"ocean_menu_typo_spacing_unit":"","ocean_menu_link_color":"","ocean_menu_link_color_hover":"","ocean_menu_link_color_active":"","ocean_menu_link_background":"","ocean_menu_link_hover_background":"","ocean_menu_link_active_background":"","ocean_menu_social_links_bg":"","ocean_menu_social_hover_links_bg":"","ocean_menu_social_links_color":"","ocean_menu_social_hover_links_color":"","ocean_disable_title":"on","ocean_disable_heading":"default","ocean_post_title":"","ocean_post_subheading":"","ocean_post_title_style":"","ocean_post_title_background_color":"","ocean_post_title_background":0,"ocean_post_title_bg_image_position":"","ocean_post_title_bg_image_attachment":"","ocean_post_title_bg_image_repeat":"","ocean_post_title_bg_image_size":"","ocean_post_title_height":0,"ocean_post_title_bg_overlay":0.5,"ocean_post_title_bg_overlay_color":"","ocean_disable_breadcrumbs":"off","ocean_breadcrumbs_color":"","ocean_breadcrumbs_separator_color":"","ocean_breadcrumbs_links_color":"","ocean_breadcrumbs_links_hover_color":"","ocean_display_footer_widgets":"on","ocean_display_footer_bottom":"off","ocean_custom_footer_template":"0"},"product_brand":[],"product_cat":[26],"product_tag":[],"yst_prominent_words":[],"class_list":{"0":"post-776","1":"product","2":"type-product","3":"status-publish","4":"has-post-thumbnail","6":"product_cat-alimento-crudo-cero-aditivos-sinteticos-100-natural-de-verdad","8":"entry","9":"has-media","11":"first","12":"instock","13":"taxable","14":"shipping-taxable","15":"purchasable","16":"product-type-variable","17":"has-product-nav","18":"col","19":"span_1_of_3","20":"owp-content-center","21":"owp-thumbs-layout-horizontal","22":"owp-btn-normal","23":"owp-tabs-layout-horizontal"},"_links":{"self":[{"href":"https:\/\/barf4pets.com\/index.php?rest_route=\/wp\/v2\/product\/776","targetHints":{"allow":["GET"]}}],"collection":[{"href":"https:\/\/barf4pets.com\/index.php?rest_route=\/wp\/v2\/product"}],"about":[{"href":"https:\/\/barf4pets.com\/index.php?rest_route=\/wp\/v2\/types\/product"}],"replies":[{"embeddable":true,"href":"https:\/\/barf4pets.com\/index.php?rest_route=%2Fwp%2Fv2%2Fcomments&post=776"}],"wp:featuredmedia":[{"embeddable":true,"href":"https:\/\/barf4pets.com\/index.php?rest_route=\/wp\/v2\/media\/781"}],"wp:attachment":[{"href":"https:\/\/barf4pets.com\/index.php?rest_route=%2Fwp%2Fv2%2Fmedia&parent=776"}],"wp:term":[{"taxonomy":"product_brand","embeddable":true,"href":"https:\/\/barf4pets.com\/index.php?rest_route=%2Fwp%2Fv2%2Fproduct_brand&post=776"},{"taxonomy":"product_cat","embeddable":true,"href":"https:\/\/barf4pets.com\/index.php?rest_route=%2Fwp%2Fv2%2Fproduct_cat&post=776"},{"taxonomy":"product_tag","embeddable":true,"href":"https:\/\/barf4pets.com\/index.php?rest_route=%2Fwp%2Fv2%2Fproduct_tag&post=776"},{"taxonomy":"yst_prominent_words","embeddable":true,"href":"https:\/\/barf4pets.com\/index.php?rest_route=%2Fwp%2Fv2%2Fyst_prominent_words&post=776"}],"curies":[{"name":"wp","href":"https:\/\/api.w.org\/{rel}","templated":true}]}}